4056 and 1175928.
312
What is the greatest common divisor of 27619046 and 10192?
1274
What is the highest common factor of 1378580 and 71680?
140
Calculate the highest common divisor of 614536 and 105716.
988
Calculate the highest common factor of 86 and 2801779036.
86
Calculate the greatest common factor of 313621222 and 274.
274
What is the highest common divisor of 148793175 and 600?
75
Calculate the greatest common factor of 364614 and 1675.
67
What is the highest common divisor of 6039552 and 27648?
3072
What is the highest common factor of 292 and 647036?
4
Calculate the highest common factor of 2498852 and 75819.
127
What is the greatest common factor of 2173 and 4609410?
53
Calculate the highest common factor of 3995 and 60035.
5
Calculate the greatest common factor of 6017031 and 513.
27
Calculate the greatest common factor of 308904 and 7807.
211
Calculate the greatest common factor of 10625 and 95379775.
425
Calculate the highest common factor of 336498 and 1207.
17
What is the greatest common divisor of 34904120 and 250?
10
What is the highest common divisor of 11303 and 1504634?
89
What is the greatest common factor of 6471498 and 375782?
682
What is the highest common factor of 3135 and 110757460?
1045
What is the highest common divisor of 287 and 361837?
7
What is the greatest common factor of 108323 and 1289698?
727
Calculate the highest common factor of 258 and 191158134.
258
What is the highest common divisor of 870 and 4449150?
30
What is the highest common factor of 2179984 and 150490?
202
Calculate the highest common divisor of 700 and 88676.
28
What is the highest common divisor of 1368 and 941472?
72
What is the highest common factor of 7801500 and 19200?
300
What is the greatest common factor of 1578223 and 60794?
269
What is the greatest common divisor of 68320 and 8620?
20
Calculate the highest common factor of 846844428 and 1392.
348
What is the greatest common factor of 18226024 and 7112?
1016
Calculate the greatest common divisor of 84708 and 3567798.
234
Calculate the highest common factor of 4830 and 14273455.
805
Calculate the greatest common factor of 137 and 15988859.
137
What is the greatest common divisor of 2386466 and 14?
2
What is the highest common divisor of 17029361 and 9361?
851
What is the greatest common divisor of 189816732 and 1251?
1251
Calculate the greatest common divisor of 110528 and 7700.
44
What is the highest common factor of 130692 and 10920?
12
Calculate the highest common divisor of 12582 and 16283205.
2097
Calculate the greatest common factor of 11481 and 2627013.
267
What is the greatest common divisor of 44268 and 7425600?
1428
What is the greatest common factor of 3963598 and 682?
62
What is the greatest common divisor of 35 and 5966225?
5
What is the greatest common divisor of 33453 and 3010?
7
What is the greatest common divisor of 6358 and 92802490?
374
Calculate the highest common factor of 1081080 and 18987540.
8580
What is the highest common factor of 1449 and 39902401?
161
Calculate the greatest common divisor of 856125 and 384750.
1125
Calculate the highest common factor of 15387 and 27879.
3
What is the highest common divisor of 116883 and 3930732?
4329
Calculate the greatest common factor of 129296205 and 1935.
45
Calculate the highest common divisor of 1848 and 39330060.
924
What is the greatest common factor of 1636952 and 16?
8
Calculate the greatest common factor of 468 and 5287752.
36
Calculate the highest common divisor of 870912 and 19872.
864
Calculate the greatest common factor of 141036 and 879.
3
Calculate the greatest common factor of 60 and 1032798.
6
What is the highest common factor of 127697960 and 47515?
2795
What is the highest common factor of 40 and 451852040?
40
What is the highest common divisor of 6462 and 43818?
6
What is the greatest common divisor of 8586 and 2813346?
2862
Calculate the highest common factor of 4730738970 and 370.
370
What is the greatest common factor of 2184 and 37645062?
546
What is the highest common divisor of 12 and 38613444?
12
What is the greatest common factor of 684512 and 416?
32
Calculate the highest common divisor of 132107646 and 2907.
969
What is the greatest common factor of 1972850 and 2635?
85
Calculate the highest common factor of 83299336 and 40.
8
Calculate the highest common divisor of 524227034 and 2.
2
Calculate the greatest common divisor of 14118953 and 7550.
151
Calculate the greatest common divisor of 200 and 6123925.
25
What is the greatest common factor of 33354 and 1243254?
654
Calculate the highest common divisor of 13177785 and 534.
267
What is the greatest common divisor of 42 and 2919406?
14
What is the greatest common factor of 22968 and 17496?
72
What is the greatest common divisor of 8878266 and 194256?
1278
What is the greatest common divisor of 185501 and 318115?
61
What is the highest common factor of 4664814 and 7728?
966
Calculate the greatest common divisor of 37567625 and 275839.
4117
Calculate the highest common divisor of 4543497 and 5166.
2583
Calculate the highest common divisor of 1182 and 134675898.
1182
What is the greatest common factor of 175549 and 913?
11
What is the greatest common factor of 693 and 7475853?
231
What is the greatest common factor of 29352330 and 75?
15
What is the highest common factor of 44 and 53923804?
44
Calculate the greatest common factor of 2403623 and 478.
239
Calculate the greatest common factor of 318 and 9936387.
159
What is the greatest common factor of 112190040 and 537?
537
Calculate the highest common divisor of 2136512 and 101612.
532
What is the highest common divisor of 21376430 and 30?
10
Calculate the greatest common divisor of 306059 and 67007.
1811
What is the greatest common divisor of 6984294 and 3384?
282
What is the greatest common factor of 255185 and 3637795?
805
Calculate the highest common divisor of 100 and 8133725.
25
Calculate the greatest common divisor of 105 and 1845919495.
35
Calculate the highest common divisor of 634422240 and 18.
18
What is the highest common factor of 12252975 and 2625?
525
Calculate the greatest common divisor of 245850 and 118050.
150
What is the greatest common factor of 2940790 and 630?
10
Calculate the greatest common divisor of 126976 and 456847.
31
Calculate the greatest common factor of 31395 and 478023.
273
What is the highest common factor of 117909904 and 32?
16
What is the greatest common divisor of 12048 and 7979541?
753
What is the greatest common factor of 12 and 722972268?
12
Calculate the greatest common factor of 690 and 8792670.
690
Calculate the greatest common factor of 284864 and 3264.
64
What is the greatest common divisor of 5473 and 234?
13
What is the highest common factor of 137 and 5807?
1
What is the highest common divisor of 10724 and 7716684?
1532
What is the highest common factor of 73635590 and 210?
70
What is the highest common factor of 53561 and 399513?
19
Calculate the greatest common divisor of 3061757 and 69536.
2173
Calculate the greatest common divisor of 770796 and 46956.
156
What is the greatest common divisor of 169428024 and 108?
108
What is the greatest common factor of 26507 and 57161?
13
Calculate the greatest common factor of 11639488 and 2800.
112
What is the highest common factor of 18 and 483481392?
6
Calculate the greatest common factor of 226 and 510271162.
226
Calculate the greatest common factor of 25515 and 6465.
15
What is the greatest common factor of 6710 and 15468530?
110
Calculate the greatest common factor of 1080351 and 93.
3
Calculate the greatest common divisor of 11967173 and 1097.
1097
What is the highest common factor of 234 and 24938706?
78
Calculate the highest common factor of 17743 and 3619.
11
What is the highest common divisor of 1100 and 8735375?
275
What is the greatest common divisor of 112 and 2101864?
8
What is the highest common factor of 222 and 62542136?
74
Calculate the highest common factor of 2843393 and 11529.
427
Calculate the greatest common divisor of 6790985 and 5.
5
Calculate the greatest common factor of 7970930 and 408682.
466
Calculate the highest common factor of 163760672 and 16.
16
Calculate the greatest common factor of 1900999 and 5989.
113
What is the greatest common factor of 15941 and 588373?
19